78*i - 53 = 41*i + 423. Give q(i).
-12
Let r(x) = x**2 + 9*x + 23. Let b = 4648 + -4654. Give r(b).
5
Let d(o) = o**3 + o + 2. Let q(p) = p**2 + p - 2. Let a be q(-2). Let n be d(a). Let i be (6/n + -2)*-2. Let f(u) = -u**3 - 2*u**2 + 2*u + 2. What is f(i)?
-2
Let p(o) = -6*o - 29031*o**3 + 29032*o**3 + 8609*o**2 - 17 + 6 - 8605*o**2. Let s be 46/(-10) + (-4)/10. What is p(s)?
-6
Let c(n) = -n**3 + 4*n**2 + n - 7. Let d be c(3). Let j(y) = -d*y + 4*y - y**2 + 125 - 102. Let b = 27 - 27. Calculate j(b).
23
Suppose -5*f - 3*y - 9 - 4 = 0, -3*f + 3*y = 3. Let n(j) = j**2 - 2*j - 6. Let a be n(f). Let o(b) = -7*b**2 + b - 1. Calculate o(a).
-27
Let y(f) = f**2 - 9*f - 4. Let l be y(10). Suppose 3*r + 12 = l*r. Let i be (56/(-21))/(r/6). Let c(b) = b**3 + 2*b**2 - 6*b - 1. Determine c(i).
-9
Let h(m) = m + 5. Let g(s) = -s**2 + 22*s - 16. Let x be (2 - 0)*231/22. Let z be g(x). Give h(z).
10
Let t(o) = o**2 + 90*o + 3. Let r(i) = 12*i**2 + 945*i + 30. Let q(p) = -2*r(p) + 21*t(p). Determine q(-5).
-72
Suppose 2*z + 17*z - 646 = 0. Let u(r) = 4*r**2 + 3 - 3*r**2 - 4*r**2 + z*r - 31*r. What is u(-2)?
-15
Let z(u) = 9*u + 1. Suppose 12*k + 13*k - 400 = 0. Suppose 0 = k*p + 40 - 8. Give z(p).
-17
Let f(k) = -k**3 + 2*k**2 + 10*k - 5. Let c(q) = -q**3 - 13*q**2 - 15*q - 32. Suppose 13*s - 12*s + 12 = 0. Let p be c(s). Give f(p).
3
Suppose 3*o - 6*o - 13 = -2*t, -4*o + 56 = 4*t. Let q(z) = -4 + 3*z - t*z - 47*z**2 + 46*z**2 + 15. Give q(-9).
2
Let c(r) = -16*r + 51*r - 5 + 2 - 17*r - 20*r. Calculate c(-2).
1
Suppose 5*d + 10 = 0, -5*r = -4*d - 47 + 14. Let a(j) be the third derivative of 1/60*j**5 + 0*j + 0 + 7/6*j**3 + 14*j**2 - 5/24*j**4. Give a(r).
7
Let p(t) = 4*t - 16 + 11 - 15. Suppose -1786*y + 12410 + 3780 - 1902 = 0. Calculate p(y).
12
Let j = 208 + -206. Suppose 4*r - 30 = -j*n, -12*r = -7*r - 5*n. Let v(c) = 1 + 3*c + 5*c**2 - 1 - 4 - 6*c**2. Give v(r).
-14
Let v(u) = -u**2 + 2*u + 1. Suppose 54*m + 804 = 121*m. Let f(y) = -2*y - 3. Let l be f(-4). Suppose 0 = -l*x - 7*i + 2*i - 10, 2*x + m = -4*i. What is v(x)?
1
Let m(x) = -3 - 7*x**2 + x**3 + 1 - 2*x**3 - 7*x. Suppose 0 = -4*q + 3 + 13. Let k be q - (1 + 2) - 7. What is m(k)?
4
Let w(x) = -58*x**2 - 205*x - 462. Let k(d) = 9*d**2 + 35*d + 77. Let g(l) = -13*k(l) - 2*w(l). What is g(-43)?
9
Let h(s) be the second derivative of -2 - 1/4*s**4 - 1/3*s**3 - 1/20*s**5 + 27*s + 1/2*s**2. Calculate h(-2).
1
Let b(g) = -2*g**2 + 34. Suppose 0 = 3*z + k + 20, -1810*z + 1809*z + 2*k + 5 = 0. Determine b(z).
-16
Let i(c) = 7 - 426*c**2 - 429*c**2 + 1284*c**2 - 430*c**2 - 2 - 4*c. Let v be (-9 - (-108)/8)/((-6)/8). Determine i(v).
-7
Let b(j) = -5*j**2 - j - 80. Let w(k) = -4*k**2 - k - 81. Let a(m) = 3*b(m) - 4*w(m). Let c be a(0). Suppose -20*o + c = -8*o. Let q(z) = z - 7. Determine q(o).
0
Let x(a) = 12*a + 2. Let f be x(-1). Let y be 388/20 - f/(-25). Let g(q) = -3*q + 8 + 4 - y. What is g(-5)?
8
Let y(z) = -2*z**2 - z + 31. Let m be y(-4). Let d(o) = -o**2 + 4*o - 12. Calculate d(m).
-9
Let w(s) = 5*s + 2. Let m(a) = -2*a**3 + 14*a**2 - 17*a - 22. Let p(h) = m(h) + 6*w(h). Calculate p(8).
-34
Let h(d) = -2*d - 7. Let m(t) = -11*t - 50. Let q(w) = -6*h(w) + m(w). Give q(-3).
-11
Let b(z) be the third derivative of z**5/60 + z**4/3 + z**3/6 - 11*z**2. Let y = 158 + -159. Let d be 60/(-9) - (20/(-12) - y). Determine b(d).
-11
Let s(l) = -l**3 - 6*l**2 - 2*l - 11. Let i = -11717 - -11711. Calculate s(i).
1
Let h(p) = -5*p**3 + 2*p**2 - 1. Let f be (-2136)/51 + 24/(-204). Let q = 41 + f. Calculate h(q).
6
Let y = 299 - 311. Let l be (y/(-3))/8*0. Let j(i) = i**3 - 4. Give j(l).
-4
Let l(o) = 2*o - 3. Suppose 34*f + 220 - 152 = 0. What is l(f)?
-7
Let a = 148 + -137. Suppose 0*g = g - 4*o - 14, 2*g = -5*o - a. Let b(n) = -11*n + 2. Determine b(g).
-20
Let d(z) = -z**3 - 6*z**2 + 7*z + 1. Let l be d(-7). Let a be (2 - 3/l)*5. Let b(x) = -4*x - 2279*x**2 - 1 + 2278*x**2 - 2. Determine b(a).
-8
Let j(o) be the first derivative of o**6/120 - 3*o**5/20 + o**4/3 - o**3 + 3*o**2 + 5*o + 44. Let b(k) be the second derivative of j(k). Calculate b(8).
-6
Let y(v) be the first derivative of -2/3*v**3 + 1/4*v**4 - 10 + 2*v**2 - 3*v. What is y(2)?
5
Let i be (2/8)/(-12*(-9)/3024). Suppose -i = 7*r - 0*r. Let d(b) = -b + 5. Let k(q) = 1. Let f(h) = 2*d(h) - 9*k(h). Calculate f(r).
3
Let g be 3 - (-3 - -3) - -4. Let l = -4 + 14. Suppose -g*h = -l*h. Let t(i) = i**3 - i**2 + i - 16. What is t(h)?
-16
Let w(s) = -23*s**2 - s + 2. Let j(r) be the first derivative of -11*r**3/3 + r + 40. Let z(m) = -5*j(m) + 2*w(m). Give z(-1).
10
Let c(x) = 2*x**3 + 47*x**2 + 23*x - 9. Suppose 4*j = 3*j + 3, -3*l = j + 66. Give c(l).
-9
Suppose -p + 3*j + 44 = 0, -2*p + 6 + 420 = -32*j. Let u(f) be the second derivative of -f**4/4 + 5*f**3/6 + 2*f**2 + f. Determine u(p).
-46
Let d(c) = -3*c**2 + 9*c. Let a(t) = -6*t**2 + 11*t + 1 + t**2 - 2*t**2 + 8*t. Let x(m) = 2*a(m) - 5*d(m). Let o = 380 + -374. What is x(o)?
-4
Suppose -4*s - u + 15 = -2*u, u + 12 = 3*s. Suppose 6*a - 3 = s*a. Let v be a*(-1 - (-6)/3). Let k(j) = j**2. Calculate k(v).
1
Let i(g) = -g**2 + 10*g - 6. Suppose -34*m = -38*m - 116. Let j = -25 - m. Let f be (6/(-4))/(-3)*j*4. What is i(f)?
10
Let o = 10 - -3. Suppose o*k - 18 = 4*k. Let a(n) = 120*n - 121*n - 4 + k. What is a(-1)?
-1
Let k(j) = j**2 + 30*j + 146. Let x be k(-6). Let d = 6 + -4. Let y(h) = x*h**2 - h**2 - 8*h**d + 8*h**2 + 5*h + 5. Calculate y(-4).
1
Let i(j) = -j + 2. Let t be i(3). Let z = -22 - -26. Let k(h) = -2 + 2 + z*h**2 - 5*h + 6*h. Determine k(t).
3
Let u be 2 - (2 + 2) - 2. Let i(a) = 13*a**3 + 5*a**2 + a - 6. Let k(z) = -5*z**3 - z**2 + z + 3. Let w(r) = -2*i(r) - 5*k(r). What is w(u)?
9
Let i(o) = -394*o**2 + 195*o**2 + 200*o**2 + 44 - 24*o. Let v be i(21). Let d(b) = -b - 26. What is d(v)?
-7
Let r(y) = -y**3 + y**2 + 52. Suppose 0 = -98*c + 52*c + 57*c. Give r(c).
52
Let b be 232/60 + (16/15)/8. Suppose b + 0 = -2*x. Let j(q) be the second derivative of -q**5/10 - q**4/6 - q**3/6 - q**2/2 - 4*q. Determine j(x).
9
Let g(t) = -t**2 - 9*t - 4. Let n be 2/10*5 + 2. Suppose h + n*h = -48. Let x be ((-16)/h)/(4/(-18)). Give g(x).
14
Let b(w) = 2*w**3 - 8*w**2 + 1 - 3*w**3 + 12*w**2 - 3*w. Let s = 154 - 152. Suppose -5*l - 32 = -4*r, -2*r - s*l + 4*l + 14 = 0. What is b(r)?
1
Let b(p) = -p**3 + 5*p**2 + p. Let u = -71 + 6. Let j = -45 - u. Let q be (-84)/(-16) - 5/j. Determine b(q).
5
Let p(a) = a**3 + 3*a**2 - 7*a - 2. Suppose 4*k = -5*z + 370, 0 = 3*z + k - 95 - 134. Let h be z/(-13)*(-38)/4. Suppose -h = -y - 62. Determine p(y).
-17
Let w(m) = -10*m**3 - 28*m**2 - 94*m + 240. Let g(d) = 2*d**3 + 7*d**2 + 23*d - 60. Let x(k) = 9*g(k) + 2*w(k). Give x(3).
6
Suppose 0 = 3*m - w - 19, 5*m - 3 = -5*w + 62. Let z(o) = 13*o - 112. Let x be z(m). Let g(c) = -c + 3. Determine g(x).
11
Let y(o) = 267*o + 14. Let u(w) = 468*w + 29. Let c(j) = -4*u(j) + 7*y(j). Calculate c(3).
-27
Let f(p) = -2*p - 5. Let l be f(-6). Let h be 26/((-9)/(-12) + (-20)/(-16)). Let y(b) = 3*b - 4 + h - 3*b - b. Determine y(l).
2
Let q(p) = -p**2 - p - 1. Let c be q(1). Let s = 27 - 26. Let h(m) = -38*m - s + 15*m + 20*m - 1. Give h(c).
7
Let z(l) be the second derivative of l**5/10 + l**4/3 - 5*l**3/6 - 5*l**2/2 + 3*l. Suppose 8878 - 8574 = -76*s. Determine z(s).
-49
Let b(q) = 4*q**2 + 74*q - 587. Let v be b(6). Let p(m) = -6*m**2 + 3. Give p(v).
-3
Let f = 56 + -52. Let i(l) = 97 + 0*l - 98 + 5*l - f*l + 17*l**2. Suppose 3*q + 12 = -4*n + 4, 5*n = -3*q - 7. Give i(n).
17
Let q(o) = 19 + 18*o - 2 + 5*o - 5*o. Let l be q(-1). Let z(m) = 4 - 2 - 1 + 6*m**3. Give z(l).
-5
Let p(h) = -5*h**2 - 18*h - 2. Let t = -5552 - -5549. Determine p(t).
7
Let o(g) be the third derivative of g**4/24 + g**3/6 - 2*g**2. Let k(a) = a**2 + 22*a + 12. Let y be k(-6). Let t be (-3)/4 + y/240*-5. Give o(t).
2
Suppose 0 = -2*k + 2*y, 26 - 2 = k + 5*y. Let m(c) = -k*c + 3*c - 6*c. Let w(x) = -121*x + 725. Let s be w(6). Determine m(s).
7
Let j(o) be the first derivative of o**4/4 + 10*o**3/3 + 7*o**2/2 - 12*o - 1. Suppose 46687*h - 46701*h = 126. What is j(h)?
6
Let i(j) = 8*j**3 + 5*j**2 - 15*j + 4. Let l(s) = -6*s**3 - 3*s**2 + 9*s - 4. Let n(v) = 2*i(v) + 3*l(v). Determine n(-2).
22
Let k(t) be the first derivative of t**4/4 + 2*t**3 - 7*t**2/2